**2 - 5*z + 2. What is j(-2)?
8
Let s(v) = v**2 - 13*v - 49. Give s(18).
41
Let i(o) = o**3 - 2*o**2 - 9*o - 11. Determine i(-2).
-9
Let s(i) = i**3 + 6*i**2 + 2*i - 4. Calculate s(-2).
8
Let x(p) = p**2 - 17*p - 43. What is x(20)?
17
Let u(a) = -a**2 - 19*a + 17. Calculate u(-20).
-3
Let l(k) = -k**3 + 6*k**2 + 28*k - 12. What is l(9)?
-3
Let t(b) = -b**3 - 6*b**2 + 16*b - 8. Calculate t(-8).
-8
Let j(d) = -14*d - 12. Calculate j(6).
-96
Let d(k) = k + 1. What is d(8)?
9
Let w(f) = 2*f**3 + 3*f**2 - f - 1. Calculate w(1).
3
Let t(p) = -4*p**2 - 6*p + 7. Give t(1).
-3
Let o(r) = -r**3 - 11*r**2 - 23*r + 44. Give o(-6).
2
Let u(r) = 3*r**2 - 2. What is u(-3)?
25
Let h(g) = -5*g**2 + 31*g - 15. Give h(6).
-9
Let f(d) = 12*d**2 - 2*d. What is f(-2)?
52
Let z(m) = m**2 - 131*m + 513. Determine z(4).
5
Let g(w) = -w**3 - 17*w**2 - 30*w - 2. Calculate g(-15).
-2
Let o(c) = -2*c**2 - 6*c - 7. Determine o(-3).
-7
Let w(z) = 18*z**2 - 254*z + 20. Calculate w(14).
-8
Let r(x) = -2*x**2 - 42*x - 39. Determine r(-20).
1
Let k(m) = -m**2 - 6*m - 8. Calculate k(-7).
-15
Let b(d) = -7*d + 1. Determine b(-1).
8
Let n(s) = -s**3 + 6*s**2 - 7*s + 8. Calculate n(4).
12
Let c(h) = h**2 - 9*h + 10. Give c(8).
2
Let v(h) = -4*h - 7. Give v(26).
-111
Let l(g) = 5*g + 122. Determine l(-23).
7
Let m(w) = w**2 - 12*w - 25. Determine m(13).
-12
Let s(y) = -5*y + 1. Determine s(-4).
21
Let s(o) = o**3 - 3*o**2 - 2*o + 2. Give s(-2).
-14
Let b(r) = 2*r + 13. Calculate b(-20).
-27
Let z(m) = 5*m + 38. Determine z(-9).
-7
Let s(r) = -r**3 - 15*r**2 + 21*r + 37. Calculate s(-16).
-43
Let w(m) = 2*m - 15. Determine w(9).
3
Let a(x) = -50*x + 493. Give a(10).
-7
Let h(s) = -12*s**2 - 59*s + 2. What is h(-5)?
-3
Let a(o) = o + 3. Give a(-6).
-3
Let o(p) = -p**3 - p**2 - p + 14. Give o(0).
14
Let w(u) = -3*u**2 - 2*u + 13. Calculate w(0).
13
Let v(q) = -3*q**3 + 11*q**2 - 15*q + 82. What is v(4)?
6
Let d(q) = -22*q + 3. Calculate d(1).
-19
Let q(w) = -w**3 + 3*w**2 - 4*w + 1. Determine q(3).
-11
Let k(g) = g**3 + 5*g**2 + 9*g + 32. Calculate k(-5).
-13
Let u(p) = -p**2 + 51*p - 428. Calculate u(40).
12
Let i(x) = x**3 + 21*x**2 + x + 17. Give i(-21).
-4
Let p(f) = 2*f**2 - 4*f + 12. Determine p(6).
60
Let v(u) = u**3 + 17*u**2 + 24*u - 49. Calculate v(-15).
41
Let s(j) = -j**2 - 14*j - 3. Calculate s(-13).
10
Let o(i) = 2*i**2 - 29*i - 15. What is o(15)?
0
Let k(l) = -3*l - 13. What is k(-10)?
17
Let t(s) = s - 8. Calculate t(6).
-2
Let q(f) = f**2 - 19*f + 97. Give q(8).
9
Let x(n) = -2*n**3 - n**2 + 5*n + 9. What is x(-2)?
11
Let m(p) = p**2 + 13*p + 27. What is m(-12)?
15
Let i(u) = -u**3 - 37*u**2 - 68*u + 65. What is i(-35)?
-5
Let d(y) = y - 4. Determine d(15).
11
Let p(t) = 9*t - 27. Determine p(4).
9
Let k(b) = -b**3 + 7*b**2 + 9*b - 8. What is k(8)?
0
Let d(x) = -5*x - 6. Determine d(-7).
29
Let p(j) = 2*j**2 + 7*j - 3. Determine p(0).
-3
Let p(k) = -20*k. Determine p(1).
-20
Let a(b) = 7*b - 4. Calculate a(0).
-4
Let f(b) = b**3 + 6*b**2 + 26*b + 140. Give f(-6).
-16
Let h(w) = -2*w**2 - 18*w + 25. Determine h(-12).
-47
Let j(f) = -7*f - 23. Determine j(-4).
5
Let m(t) = t + 18. Give m(-15).
3
Let q(t) = -t**3 + t**2 - 2*t - 3. Give q(-4).
85
Let t(v) = 4*v**3 + 6*v - 5. Calculate t(3).
121
Let n(m) = -3*m**2 - 3*m + 3. Calculate n(-3).
-15
Let i(c) = c**3 + 8*c**2 - c - 19. Determine i(-8).
-11
Let m(x) = -2*x**2 - 5*x + 3. Give m(0).
3
Let j(n) = 2*n**2 - n - 3. What is j(-2)?
7
Let z(c) = c**3 - 4*c**2 + c - 3. Calculate z(4).
1
Let l(j) = j**2 - 6. What is l(-3)?
3
Let o(d) = 22*d + 119. Determine o(-5).
9
Let z(x) = -x**3 - 9*x**2 - 17*x - 31. Calculate z(-7).
-10
Let z(t) = t**3 - 20*t**2 - 3*t + 32. Determine z(20).
-28
Let c(j) = -2*j**3 - 11*j**2 - 53. Determine c(-6).
-17
Let i(s) = -2*s**3 - 4*s**2 - 2*s. What is i(-3)?
24
Let d(u) = -u**3 - 6*u**2 + u + 14. Calculate d(-5).
-16
Let d(a) = -a**3 - 3*a**2 + 19*a + 10. What is d(-6)?
4
Let h(k) = 13*k - 24. Give h(2).
2
Let a(v) = -v**3 + 9*v**2 + 9*v + 17. Give a(10).
7
Let a(f) = -f**3 - 6*f**2 - f - 11. What is a(-6)?
-5
Let t(o) = -90*o - 1254. Determine t(-14).
6
Let m(u) = -u + 5. What is m(0)?
5
Let s(r) = 48*r - 143. What is s(3)?
1
Let v(a) = 6*a**2 + 13*a + 3. Give v(-3).
18
Let c(i) = -i**2 + 11*i - 1. Give c(12).
-13
Let g(f) = -10*f**2 - 2*f + 7. Determine g(2).
-37
Let n(b) = b**2 + 2*b. What is n(-3)?
3
Let g(q) = q**3 + 7*q**2 + 12*q + 1. Determine g(-2).
-3
Let o(t) = -7*t**2 - 3*t - 6. Calculate o(-2).
-28
Let q(s) = s**3 + 7*s**2 - 19*s - 151. Calculate q(-5).
-6
Let z(a) = 8*a + 3. Calculate z(5).
43
Let o(v) = -v**3 - 12*v**2 - 15*v - 24. Determine o(-11).
20
Let d(f) = -5*f**3 + 7*f**2 + 7*f + 5. Calculate d(-2).
59
Let t(z) = -2*z**2 + 25*z + 26. Give t(14).
-16
Let a(l) = -l**3 - 5*l**2 + 4*l - 12. Give a(-6).
0
Let y(k) = 2*k**2 + 160*k + 152. Calculate y(-79).
-6
Let p(d) = -2*d**2 + 25*d - 38. Calculate p(11).
-5
Let k(f) = f**2 - 17*f + 8. What is k(15)?
-22
Let j(y) = -y**3 - 19*y**2 - 18*y + 12. Calculate j(-18).
12
Let j(y) = -2*y**3 + 8*y**2 - 7*y - 4. Give j(5).
-89
Let k(c) = -27*c + 210. Calculate k(8).
-6
Let d(h) = 2*h - 26. Give d(-15).
-56
Let o(c) = -2*c**2 - 3*c + 74. Determine o(-7).
-3
Let j(u) = u**2 + 12*u + 22. Calculate j(-5).
-13
Let k(j) = j**2 - 5*j - 3. Calculate k(6).
3
Let r(p) = p**3 + 8*p**2 - 8*p + 1. Give r(-9).
-8
Let v(m) = 6*m + 45. Determine v(-13).
-33
Let d(b) = 5*b + 9. Calculate d(-5).
-16
Let j(b) = 6*b - 90. Determine j(15).
0
Let g(z) = z**3 - 6*z**2 + 5*z. What is g(4)?
-12
Let c(x) = -x + 2. What is c(-6)?
8
Let k(d) = -5*d + 20. Calculate k(4).
0
Let a(w) = w**2 + 25*w + 27. Determine a(-26).
53
Let o(s) = -4*s - 39. What is o(-12)?
9
Let u(i) = -i - 4. What is u(8)?
-12
Let q(u) = -2*u**2 - u - 10. Determine q(0).
-10
Let u(w) = 2*w + 15. What is u(3)?
21
Let c(l) = -l**3 + 32*l**2 + 101*l + 147. Calculate c(35).
7
Let v(d) = -2*d**2 - 50*d + 9. What is v(-24)?
57
Let n(a) = a**2 - 12*a - 7. Calculate n(14).
21
Let f(d) = -11*d - 134. Give f(-17).
53
Let g(h) = -h**2 + 17*h - 24. Give g(18).
-42
Let c(h) = -h**2 + 13*h - 7. Determine c(12).
5
Let t(k) = 2*k**3 + 4*k**2 - 5*k + 4. Give t(2).
26
Let o(n) = n + 6. Calculate o(-5).
1
Let w(r) = -r**3 - 5*r**2 + 2*r + 3. Give w(-4).
-21
Let x(q) = -q**3 - 6*q**2 + 9*q + 3. Determine x(-7).
-11
Let u(k) = 2*k**2 + 32*k + 32. Calculate u(-16).
32
Let v(q) = q**2 - 2*q - 24. Give v(0).
-24
Let b(i) = 4*i + 74. What is b(-13)?
22
Let x(i) = -i - 1. Give x(4).
-5
Let f(u) = 30*u + 717. What is f(-24)?
-3
Let n(p) = -p**2 - 8*p. Calculate n(-8).
0
Let s(g) = -g**3 + 5*g**2 + 5*g - 9. What is s(6)?
-15
Let f(p) = -6*p + 9. Calculate f(6).
-27
Let v(l) = -l**3 + 6*l**2 - 7*l. What is v(5)?
-10
Let v(g) = -9*g - 1. Determine v(-1).
8
Let l(k) = -11*k + 12. What is l(1)?
1
Let d(b) = -b**3 - 3*b**2 + 4*b - 5. Determine d(-5).
25
Let p(r) = -r**3 - 1. What is p(1)?
-2
Let s(v) = -2*v - 41. Calculate s(-18).
-5
Let a(w) = -w**3 + 5*w**2 + 7*w - 23. Determine a(7).
-72
Let i(r) = -r**3 - r**2 + 2*r - 1. What is i(1)?
-1
Let g(r) = -5*r**3 + 2*r**2 - 2. What is g(2)?
-34
Let i(c) = -41*c + 2. What is i(-1)?
43
Let k(n) = 2*n + 14. Calculate k(6).
26
Let t(n) = -n**2 + 2*n - 1. What is t(-3)?
-16
Let t(h) = -h**3 + 16*h**2 - 4*h - 182. Calculate t(15).
-17
Let q(z) = -2*z. Calculate q(7).
-14
Let j(m) = -m**3 + 14*m**2 + m + 2. Calculate j(14).
16
Let w(k) = -k. What is w(-3)?
3
Let b(k) = -27*k - 858. What is b(-32)?
6
Let c(y) = 13*y + 56. Give c(-4).
4
Let s(n) = 20*n**3 - 4*n**2 + n + 1. Determine s(-1).
-24
Let h(n) = 12*n - 15. Calculate h(-7).
-99
Let x(w) = -w**2 + 5*w + 4. Calculate x(5).
4
Let i(s) = -3*s**3 - 2*s**2 + 6. What is i(3)?
-93
Let f(j) = j**3 - 6*j**2 - 8*j + 51. Determine f(6).
3
Let z(p) = 13*p - 19. Determine z(6).
59
Let m(g) = -84*g - 16. Give m(-1).
68
Let q(u) = -14*u + 13. Determine q(1).
-1
Let b(q) = -q**3 - 6*q**2 + 3*q + 4. What is b(-6)?
-14
Let t(r) = r**2 - 11*r - 5. Determine t(11).
-5
Let g(v) = v**2 - 5*v - 12. What is g(3)?
-18
Let k(y) = -y**2 + 7*y + 7. Give k(-5).
-53
Let o(a) = 4*a - 6. Give o(2).
2
Let t(y) = 2*y - 12. Calculate t(-5).
-22
Let y(x) = 5*x + 12. Give y(-4).
-8
Let v(x) = 13*x**2 + 1. What is v(-1)?
14
Let d(f) = -f**2 - 19*f - 73. Give d(-5).
